nder when 612507 is divided by 122498?
17
What is the remainder when 53234 is divided by 272?
194
Calculate the remainder when 549445 is divided by 136753.
2433
What is the remainder when 41946 is divided by 3725?
971
What is the remainder when 129372855 is divided by 631087?
20
Calculate the remainder when 54102716 is divided by 1042.
1034
What is the remainder when 76973675 is divided by 110?
75
Calculate the remainder when 207238 is divided by 293.
87
What is the remainder when 8333951 is divided by 1973?
1972
What is the remainder when 450166 is divided by 90029?
21
What is the remainder when 30460 is divided by 1868?
572
Calculate the remainder when 3795052 is divided by 534.
448
Calculate the remainder when 608147 is divided by 608118.
29
Calculate the remainder when 327550 is divided by 922.
240
What is the remainder when 4023687 is divided by 133?
38
Calculate the remainder when 37110 is divided by 2451.
345
Calculate the remainder when 4978754 is divided by 135.
89
What is the remainder when 1339167 is divided by 669559?
49
Calculate the remainder when 778094 is divided by 5806.
90
Calculate the remainder when 2219486 is divided by 52.
22
What is the remainder when 83827324 is divided by 16?
12
What is the remainder when 7511072 is divided by 1073010?
2
Calculate the remainder when 905861 is divided by 905844.
17
Calculate the remainder when 3925954 is divided by 1962977.
0
What is the remainder when 21309558 is divided by 2805?
2778
What is the remainder when 193434 is divided by 1606?
714
What is the remainder when 26141562 is divided by 13070761?
40
Calculate the remainder when 3528762 is divided by 882026.
658
What is the remainder when 30846661 is divided by 154?
153
Calculate the remainder when 16972 is divided by 16700.
272
Calculate the remainder when 261282 is divided by 32598.
498
Calculate the remainder when 809169 is divided by 2469.
1806
What is the remainder when 166389518 is divided by 2420?
2418
Calculate the remainder when 8155248 is divided by 582.
264
What is the remainder when 308400208 is divided by 871187?
10
Calculate the remainder when 101674 is divided by 48522.
4630
What is the remainder when 6413329 is divided by 44228?
269
Calculate the remainder when 1060963903 is divided by 22.
21
Calculate the remainder when 10531715 is divided by 339.
2
What is the remainder when 6165701 is divided by 648?
629
What is the remainder when 2605637 is divided by 651088?
1285
What is the remainder when 365090 is divided by 1519?
530
Calculate the remainder when 189276014 is divided by 41031.
11
Calculate the remainder when 681661 is divided by 12623.
19
Calculate the remainder when 523243 is divided by 476.
119
Calculate the remainder when 4343607 is divided by 91.
86
What is the remainder when 17555 is divided by 2398?
769
What is the remainder when 151320 is divided by 6305?
0
Calculate the remainder when 723068 is divided by 361499.
70
Calculate the remainder when 324347 is divided by 32418.
167
Calculate the remainder when 582601 is divided by 17652.
85
Calculate the remainder when 25978 is divided by 556.
402
What is the remainder when 3148381 is divided by 97?
52
Calculate the remainder when 18996512 is divided by 487090.
2
Calculate the remainder when 8216803 is divided by 519.
514
Calculate the remainder when 982078 is divided by 2135.
2113
Calculate the remainder when 4165481 is divided by 320421.
8
Calculate the remainder when 61710 is divided by 61542.
168
Calculate the remainder when 69400066 is divided by 246.
22
What is the remainder when 20181563 is divided by 352?
347
What is the remainder when 1820050 is divided by 86567?
2143
Calculate the remainder when 687262059 is divided by 21.
15
What is the remainder when 4966 is divided by 4593?
373
What is the remainder when 23102127 is divided by 186?
183
Calculate the remainder when 5319477 is divided by 759888.
261
Calculate the remainder when 29756011 is divided by 13.
12
Calculate the remainder when 5955118 is divided by 24.
22
What is the remainder when 1074687 is divided by 214896?
207
Calculate the remainder when 5712292 is divided by 7.
5
What is the remainder when 13940879 is divided by 40?
39
What is the remainder when 3519711 is divided by 304?
303
What is the remainder when 43820610 is divided by 14606870?
0
What is the remainder when 8945823 is divided by 1769?
1759
What is the remainder when 16487 is divided by 15636?
851
What is the remainder when 1016332 is divided by 354?
352
What is the remainder when 5962 is divided by 2350?
1262
Calculate the remainder when 127846 is divided by 5890.
4156
Calculate the remainder when 8901856 is divided by 47.
9
What is the remainder when 35047514 is divided by 211?
203
What is the remainder when 420114 is divided by 420044?
70
What is the remainder when 1112167189 is divided by 73?
71
What is the remainder when 386448227 is divided by 17?
11
What is the remainder when 1753043 is divided by 1550?
1543
What is the remainder when 4297 is divided by 4086?
211
What is the remainder when 120743 is divided by 88?
7
Calculate the remainder when 749996 is divided by 1694.
1248
Calculate the remainder when 1394065 is divided by 2157.
643
Calculate the remainder when 39869 is divided by 1526.
193
Calculate the remainder when 188870 is divided by 1420.
10
Calculate the remainder when 1227998 is divided by 3644.
3614
Calculate the remainder when 1586009 is divided by 792939.
131
What is the remainder when 8074 is divided by 3503?
1068
Calculate the remainder when 1699546 is divided by 983.
922
Calculate the remainder when 72777 is divided by 1374.
1329
What is the remainder when 16660001 is divided by 267?
2
Calculate the remainder when 6219802 is divided by 22.
6
What is the remainder when 45878 is divided by 5?
3
Calculate the remainder when 1602030 is divided by 261.
12
Calculate the remainder when 24150903 is divided by 3450127.
14
What is the remainder when 551759 is divided by 15743?
754
What is the remainder when 238356910 is divided by 1032?
1030
What is the remainder when 387415 is divided by 48389?
303
What is the remainder when 1559881 is divided by 4800?
4681
What is the remainder when 204993 is divided by 1204?
313
What is the remainder when 2483996 is divided by 252?
32
What is the remainder when 3281923 is divided by 1640924?
75
Calculate the remainder when 1372737 is divided by 457572.
21
Calculate the remainder when 12858 is divided by 801.
42
Calculate the remainder when 17290284 is divided by 1921139.
33
Calculate the remainder when 2926786 is divided by 2926389.
397
Calculate the remainder when 19734 is divided by 2347.
958
Calculate the remainder when 79356 is divided by 25831.
1863
What is the remainder when 59425 is divided by 14343?
2053
Calculate the remainder when 1813517 is divided by 327.
302
Calculate the remainder when 4763661 is divided by 72.
69
Calculate the remainder when 9960344 is divided by 5602.
5590
What is the remainder when 78135500 is divided by 48?
44
What is the remainder when 20405 is divided by 9997?
411
Calculate the remainder when 3683364 is divided by 181.
14
What is the remainder when 1529842 is divided by 459?
454
Calculate the remainder when 73192 is divided by 24389.
25
Calculate the remainder when 56143 is divided by 55924.
219
What is the remainder when 239565 is divided by 2959?
2845
Calculate the remainder when 75340 is divided by 24917.
589
Calculate the remainder when 88483 is divided by 85704.
2779
What is the remainder when 72116 is divided by 36045?
26
Calculate the remainder when 160471145 is divided by 2863.
2858
Calculate the remainder when 1473062 is divided by 548.
38
What is the remainder when 523748 is divided by 24937?
71
What is the remainder when 156679 is divided by 77647?
1385
What is the remainder when 7283 is divided by 3106?
1071
What is the remainder when 381323 is divided by 190492?
339
Calculate the remainder when 340296 is divided by 594.
528
What is the remainder when 8475329 is divided by 39?
5
Calculate the remainder when 334257 is divided by 66848.
17
What is the remainder when 642957 is divided by 787?
765
Calculate the remainder when 229098 is divided by 10411.
56
What is the remainder when 813266 is divided by 1437?
1361
Calculate th